 of h.
2
Suppose 1 + 17 = 3*k. Suppose -k*x + 102 = 504. Let g = 150 + x. What are the prime factors of g?
83
Let m(x) = -3*x**2 - 21*x + 4. Let c be m(-7). Suppose -3*s + 642 = 2*o, 0 = -o + c*s + 385 - 75. List the prime factors of o.
2, 3, 53
Let x = -4114 + 5671. List the prime factors of x.
3, 173
Let q = 42453 - 4887. What are the prime factors of q?
2, 3, 2087
Suppose 4*b = 3111 + 6825. Suppose 8*s = b - 188. Suppose 3*p = 22 + s. What are the prime factors of p?
103
Let n(l) = -241*l + 82. Let p be n(4). Let r = p + 1683. What are the prime factors of r?
3, 89
Suppose 0 = -3*r + 4*r - 2. Suppose r*u = -477 + 1557. Suppose 78 = a - 3*c - 44, c = 5*a - u. List the prime factors of a.
107
Let j = -647 - 183. Let m = j - -2182. List the prime factors of m.
2, 13
Suppose -112957 = -26*z + 250029. List the prime factors of z.
23, 607
Suppose 2*b - 4*a - 29 + 11 = 0, -3*a - 18 = 3*b. Let h be (-60)/8*(-5 - b). Let x = h - 20. What are the prime factors of x?
2, 5
Let m(x) = x**3 - 8*x**2 + 2*x - 14. Let b be m(6). Let a = 76 + b. Suppose 0 = -2*g + 3*g, -2*w + 392 = -a*g. What are the prime factors of w?
2, 7
Suppose -7*b + 9*b = 0. Suppose 3*l = 4*c - 224, -2*c + b*l - 4*l + 112 = 0. List the prime factors of 4328/c - 4/14.
7, 11
Suppose -87*x + 232523 + 776306 = -249713. What are the prime factors of x?
2, 3, 2411
Let i(h) = -7551*h - 2236. What are the prime factors of i(-9)?
7, 41, 229
Let p(o) = 10*o**2 - 29*o + 219. What are the prime factors of p(15)?
2, 3, 113
Let j = 96 + -58. Let p = j + -47. Let q = 52 + p. What are the prime factors of q?
43
Let f(b) = 14013*b**2 + 470*b + 939. List the prime factors of f(-2).
23, 2437
Let a(p) = -3*p**3 - 217*p**2 + 52*p + 111. List the prime factors of a(-73).
19, 367
Suppose 3*w - 5148 = 816*q - 819*q, -2*q = -2*w - 3448. What are the prime factors of q?
2, 5, 43
Let q = 726 - 165. What are the prime factors of (q/68)/(1/56)?
2, 3, 7, 11
Suppose -3*v + 4*k - 22 = -17, 0 = 4*v + 3*k - 35. Suppose -1022 = -d + v*l, 4*l - 9 = 11. What are the prime factors of d?
3, 349
Let d = -39 - -53. Let t = d - -16. Suppose -2*p = p - t. What are the prime factors of p?
2, 5
Let k = -79 - -58. Let y = -10 - k. Suppose -950 = -y*v + 601. What are the prime factors of v?
3, 47
Suppose -129 = -6*j + 33. Let t = j + -22. Suppose 4*i - 390 = -i + q, t*i = 4*q + 390. What are the prime factors of i?
2, 3, 13
Let h(n) = 9*n**2 + 104*n - 2811. List the prime factors of h(58).
19, 41, 43
Suppose f + 32 = 3*y, -7*f - 65 = -5*y - 3*f. Suppose 0 = -6*d + y*d - 60. Suppose 0 = -2*m + 66 + d. List the prime factors of m.
43
Suppose 0 + 105 = 5*u. Let g(i) = -u*i - 15*i + 3*i**2 + 29*i - 24. What are the prime factors of g(-6)?
2, 3, 7
Let q(f) = -60 + 30*f + 26 + 3 + 30*f - 41. What are the prime factors of q(7)?
2, 3, 29
Let u(b) be the first derivative of 2*b**3/3 + 9*b**2/2 - 4*b + 3. Suppose 2*a + 3*a + 39 = 4*n, 4*a + 2*n + 26 = 0. List the prime factors of u(a).
31
Let i(u) = 10*u - 3*u - u + 10*u - 3. Let k be i(1). Suppose b - k = -y + 39, -10 = 2*b. List the prime factors of y.
3, 19
Let i = -56 - -110. Suppose i*u - 222 = 52*u. What are the prime factors of (u - 15)*14/6?
2, 7
Let p be 2/(-4)*31*(-174)/3. Suppose p = 3*b + 281. What are the prime factors of b?
2, 103
Let l(r) be the first derivative of 37/2*r**2 - 27*r - 34. List the prime factors of l(4).
11
Let n = 315 - 195. Let t = 4070 - 4059. Suppose -n = -t*w + 34. What are the prime factors of w?
2, 7
Suppose -5*q = k - 25, 3*q + 4*k + 11 = 43. What are the prime factors of (-10 + -264)*(3 - q)?
2, 137
Let f(r) be the third derivative of -r**6/120 + 4*r**5/15 + 19*r**4/12 - 13*r**3/3 + 4*r**2 + 17. List the prime factors of f(13).
3, 5, 13
Suppose -279573 - 652619 = -32*f. What are the prime factors of f?
29131
Let i = 23603 - -28563. List the prime factors of i.
2, 26083
Let m(a) = 2*a**3 + 7*a**2 + 14*a + 10. Let n be m(-6). Let d = n - -791. List the prime factors of d.
3, 179
Let i(n) = -2*n**2 + 63*n - 28. Let y be i(31). Suppose -y*o + 737 = 17. List the prime factors of o.
2, 3, 5
Let q(z) = 398*z**2 - 25*z - 53. List the prime factors of q(-3).
2, 17, 53
Suppose -2*m - 645255 = -119*m. List the prime factors of m.
5, 1103
Let z = 30 + -44. Let k be ((-12)/28)/(2/z). Suppose 0 = -2*f + 5*u + 108, -k*f + u = -4*u - 167. What are the prime factors of f?
59
Let m(c) = -56*c - 3. Let r(l) = 222*l + 13. Let h(y) = -26*m(y) - 6*r(y). What are the prime factors of h(5)?
2, 5, 31
Let t(p) be the second derivative of -22*p + 10*p**2 + 0 + 1/6*p**4 - 6*p**3. List the prime factors of t(19).
2, 29
Suppose -26*u = -9*u - 13*u - 9916. What are the prime factors of u?
37, 67
Let n = -35 - -25. Let r be n + -1021 + (-1)/1. What are the prime factors of r/(-14) + (-2)/(-7)?
2, 37
Suppose 156662 = -93*u + 115*u. What are the prime factors of u?
7121
List the prime factors of (-156)/39 + 331*48/3.
2, 3, 7
Let d(z) = z**3 + 33*z**2 - 34*z + 5. Let m be d(-34). Suppose -m*y - 3264 = -11*y. List the prime factors of y.
2, 17
What are the prime factors of ((-1076166)/4088)/((-2)/240)?
2, 3, 5, 13
What are the prime factors of -1*5 + (-17346)/((-2)/2)?
17341
Let t(d) be the first derivative of -d**4/12 + 8*d**3/3 - 7*d**2 - 13. Let a(k) be the second derivative of t(k). What are the prime factors of a(-10)?
2, 3
Suppose 5*c - c - 245250 = -2*c. What are the prime factors of c?
3, 5, 109
Let i(l) = -l**2 - 28*l - 35. Let b(j) = 2*j**2 + 77*j + 72. Let o(m) = -2*b(m) - 5*i(m). Let x = 4 - -11. List the prime factors of o(x).
2, 23
Let t = 72 + -62. Suppose t*x = 5*x - h + 1209, -4*x - 3*h = -965. Suppose r = -0*r + x. What are the prime factors of r?
2, 11
Suppose -45*i - 10 = -50*i. Suppose -4*a + 5*u - 4 = u, i*a - 5*u + 2 = 0. What are the prime factors of ((-5)/10 - a)*148?
2, 37
Let c be (64/3)/(9/((-81)/(-6))). Suppose 36*k = c*k + 60. Suppose w = 73 + k. What are the prime factors of w?
2, 11
Let o(x) = -x**3 - 6*x**2 - 8*x + 14. Let y be o(-6). Suppose 56*r = y*r - 4320. What are the prime factors of r?
2, 3, 5
What are the prime factors of (-27657180)/120*((-4)/(-72))/((-2)/8)?
51217
List the prime factors of (-8 + 143/22)*(-15856)/3.
2, 991
Let c(t) = t**3 + 24*t**2 - 23*t + 60. Let w be c(-25). Suppose w*a - 583 - 3177 = 0. List the prime factors of a.
2, 47
Let l = 51 - 60. Let f(o) = 104*o + 27. Let x be f(l). List the prime factors of ((-4)/12)/(3/x).
101
Let o be 5/(15/9) - (-1641 + -2). Let j = o - 982. List the prime factors of j.
2, 83
Suppose -f + 6271 = 2*j, -4*j + 0*j - 18853 = -3*f. List the prime factors of f.
3, 7, 13, 23
Suppose 4*f - 48765 = 5*s - 10*s, 2*s - 19478 = 4*f. What are the prime factors of s?
9749
Let c = 3292 - -1741. What are the prime factors of c?
7, 719
Suppose 0 = -s - r + 3432, -r - 3424 = 47*s - 48*s. What are the prime factors of s?
2, 857
Suppose 75 = 4*l + 87. Let p(z) = 44*z**3 - z**2 - 3*z + 3. Let d be p(2). List the prime factors of (d/20)/(l/(-12)).
3, 23
Let s = 329 - 329. What are the prime factors of s - 950/((-2)/((-2)/(-1)))?
2, 5, 19
List the prime factors of (-44 - -65628)/(-1)*2/(-4).
2, 4099
Suppose 1108*r + 142608 = 4*i + 1112*r, 0 = -3*i + r + 106944. What are the prime factors of i?
3, 17, 233
Suppose 504 = -3*l + 2127. Let j = l - 235. Suppose 5*a - j = 259. What are the prime factors of a?
113
Suppose 3*u - 147 = 2*q, 4*u - 4*q + 165 = 7*u. Suppose -u*w = -42*w - 6084. What are the prime factors of w?
2, 13
Suppose -h - 3*r = 30 + 4, 4*r - 88 = 4*h. Let d = h - -25. Suppose 0 = 3*s - 21 - d. List the prime factors of s.
7
Let x(o) be the first derivative of o**4/4 + 2*o**3/3 + 2*o + 16. Let c be x(2). Let g = c - 2. What are the prime factors of g?
2
Let k be (-13)/(-4) - (-2)/(-8). Let v(f) = -k*f - f - 4*f - f + 10. List the prime factors of v(-8).
2, 41
Suppose 46*z = 19*z - 465102. List the prime factors of z/(-15) + 18/30.
3, 383
Let b = 46693 + -24165. What are the prime factors of b?
2, 11
Suppose 23*u + 4*x = 19*u + 6800, -4*x = 3*u - 5100. What are the prime factors of u?
2, 5, 17
Suppose 64*y + 106491 = 80078 + 454189. List the prime factors of y.
2, 3, 557
Let r be ((-3 - -2) + 2)/(3/21). Let q(i) = 31*i**2 + i**3 - r*i**3 - 37*i**2 + 0*i**3 + 5 - 5*i. List the prime factors of q(-3).
2
Sup